 - 58122. What is the hundreds digit of x?
3
Let b = 17 + 8. Let r(y) = -2 + b*y - 2 + 2 - 1. What is the units digit of r(2)?
7
Let z(j) = 2*j**3 + 57*j**2 - 6*j - 14. Let y be z(-27). Suppose 6912 = 7*l - y. What is the thousands digit of l?
1
Suppose 28 = k + 5*s - 7064, s - 7092 = -k. Suppose -k = -11*h + 1576. What is the hundreds digit of h?
7
Let t(v) = -85*v + 4476. What is the hundreds digit of t(0)?
4
Suppose 36 = -4*t + 32, -4*d = -4*t - 6012. Let m = d - 472. What is the hundreds digit of m?
0
Let n(z) = -4*z**3 - 10*z**2 + 26*z + 136. What is the thousands digit of n(-11)?
3
Suppose -4*z - 5*d = -d - 904, 0 = -4*z + 5*d + 913. What is the hundreds digit of z*(-1)/(1/(-1))?
2
Suppose 10*u + 27897 = 11*u + 3*y, y = 2*u - 55738. What is the units digit of u?
3
Suppose c = 39 + 110. Let m = c + -82. What is the units digit of m?
7
Suppose 0 = -619*s + 629*s - 445030. What is the hundreds digit of s?
5
Suppose 2*s + 13*s + 120 = 0. Let r be -579*s/120 - 2/(-5). Let u = 109 + r. What is the hundreds digit of u?
1
Suppose 0 = -2*k + 2 - 134. Let z be 1 + k/(-12) + (-3)/2. Suppose -z*p + 236 = h - 4, -h = 2*p - 96. What is the units digit of p?
8
Let f(s) = -s - 14. Let j be f(-17). Suppose 768 + 777 = j*p. What is the hundreds digit of p?
5
Suppose 0*a + 153 = 9*a. Suppose 0 = u, -a + 1 = -4*j - 2*u. Suppose 5*x - 379 = -3*y, j*y - 2*x - 158 = 304. What is the units digit of y?
8
Let v be (-6 + 3)/(-3) + 7 + -5. Suppose 104 - 1469 = -v*r. What is the units digit of r?
5
Let m = 35551 - 30091. What is the tens digit of m?
6
Let v(m) = -m**3 + 7*m - 3. Let x be v(-4). Let f be ((-63)/(-12))/(-7) - x/(-12). Suppose f*p - 2*l + 290 = 5*p, p = -5*l + 101. What is the units digit of p?
6
Let q be (6/(-4))/((-21)/70). Suppose -1609 = -q*g - r, -5 = -3*r + 8*r. What is the units digit of g?
2
Let x = -7302 - -15034. What is the thousands digit of x?
7
Let o(i) = -28*i**3 + 12*i**2 + 92*i - 47. What is the ten thousands digit of o(-9)?
2
Let g(t) = t**3 - 9*t**2 - 9. Let n be g(10). Let l = -18 + n. Suppose -l = -3*q + 59. What is the tens digit of q?
4
Suppose 20*y - 19*y = 5*m - 127719, 0 = -5*m + 5*y + 127715. What is the tens digit of m?
4
Let r = -151 - -143. Let t(n) = 14*n + 67. Let q be t(r). Let s = q + 63. What is the tens digit of s?
1
Let z = -5237 + -2044. What is the tens digit of 12/(-32) - z/24?
0
Let k(d) = 9*d**2 - 15*d + 593. What is the hundreds digit of k(-29)?
5
Let o(z) = z**3 - 3*z**2 - 2*z + 4. Let t be o(0). Suppose -52 = -0*j + 4*j - 4*k, -j = -4*k + t. What is the hundreds digit of 5 + 234/(-48) + (-2206)/j?
1
Let a(w) = -w**3 - 2*w**2 + 68*w + 42235. What is the thousands digit of a(0)?
2
Suppose 601799 = 178*n - 536853 - 429528. What is the thousands digit of n?
8
Suppose -22201 = -5*f - 3*u, 9*u = 10*f + 7*u - 44386. What is the thousands digit of f?
4
Suppose 11*c - 56253 = 8*c - 5*l, 5*l = -30. What is the units digit of c?
1
Suppose 0 = 17*x - 11*x + 1152. What is the units digit of (x/(-18))/((-6)/(-639))?
6
Suppose 6976722 = 130*c + 279*c. What is the units digit of c?
8
Suppose -2*h = 0, -p + 5*p = -h + 640. Let v = p + -60. Suppose x = -7 + v. What is the tens digit of x?
9
Let a(d) = -3*d**2 + 10*d - 19. Let s be a(7). Let r = -96 - s. Suppose r = -2*i - 4*i + 474. What is the tens digit of i?
7
Suppose 179*l = 3371261 - 862397. What is the thousands digit of l?
4
Let l = 27076 - -311. What is the ten thousands digit of l?
2
Let b be (-1)/(1/(-12)*-4*-1). Let n(q) = 472*q + 11. What is the hundreds digit of n(b)?
4
Suppose -1902*c + 1899*c - 12 = 0, 2*c + 80368 = 4*x. What is the units digit of x?
0
What is the tens digit of 14/(56/237324) + (22 + 3)/5?
3
Suppose 12*u = y + 7*u, -5*y + 104 = u. Suppose -y*t - 42 = -22*t. What is the tens digit of t?
2
Let z(j) = 90*j - 1. Let k be z(2). Let c = -47 + k. Suppose -16*g = -19*g + c. What is the units digit of g?
4
Let f = 29 + -35. Let p(a) = -a**3 - 4*a**2 - 3*a + 6. Let c be p(f). Let t = c - 55. What is the units digit of t?
1
Suppose -5*m + 45*m = 2*m + 1946018. What is the tens digit of m?
1
Let m(l) = 123*l**2 - 38*l - 650. What is the units digit of m(-18)?
6
Let b = 4106 - 130. What is the units digit of b?
6
Let x(h) = h**2 + 19*h + 26. Let p be x(-17). Let v be (p/(-10))/((-8)/100). Let w = 46 + v. What is the units digit of w?
6
Let z(n) = 4*n**3 + 3*n - 16. Let r be -3 + 2 + 4 - -1. What is the hundreds digit of z(r)?
2
Let w(g) be the first derivative of -g**4/4 - 16*g**3/3 + 15*g**2 - 33*g - 35. What is the hundreds digit of w(-20)?
9
Let t = 14031 - 3939. What is the thousands digit of t?
0
Suppose -46*b + 506630 = -341827 - 178539. What is the ten thousands digit of b?
2
Let j = 20272 - -8333. What is the hundreds digit of j?
6
Suppose 3*m + m - 8 = 0. Let f(h) = -2*h**3 + 3*h - 5. Let s be f(m). Let x = 46 + s. What is the units digit of x?
1
Let x be 1 + -2 - (-5)/1. Suppose 3*r - 14 - x = 0. What is the tens digit of r/10 - ((-2604)/20)/3?
4
Suppose -5 = -5*l - 5*k, -25 = -l + 4*k + k. What is the units digit of l/((-20)/(-1712)) - -3 - -2?
3
Let o(w) = 3 + w**2 - 4*w - 19 - 12. Let r be o(-8). Let q = 126 - r. What is the tens digit of q?
5
Suppose 0 = -2*r + 2*n - 2, r + 2*r - n - 3 = 0. Suppose r*a + 296 = 3*a. What is the hundreds digit of a?
2
Let a(p) = -3*p**3 - 2*p**2 - 21*p + 32100. What is the ten thousands digit of a(0)?
3
Let c(u) be the first derivative of -u**3/3 + 9*u**2/2 - 18*u + 9. Let j be c(6). What is the units digit of 7 - ((-10)/5 - j)?
9
Let l(d) = -8*d + 17. Let m(y) be the third derivative of y**4/24 + y**3/2 + 8*y**2. Let r be m(-7). What is the tens digit of l(r)?
4
Suppose -28*j = -24*j. Suppose 4*g - 97 + 169 = j. What is the tens digit of ((-186)/g)/(1/15)?
5
Let v = 12627 - 4718. What is the units digit of v?
9
Let x = 190 - -69. Let a = -45 + -131. Let c = a + x. What is the units digit of c?
3
Let z(x) = -x**3 - 35*x**2 - 92*x + 308. What is the ten thousands digit of z(-40)?
1
Suppose -3*k = -5*j + 2*j + 24396, 5*j + 4*k = 40615. What is the units digit of j?
7
Suppose 0 = -4*o - 32. Let p(d) = -5*d - 37. Let j be p(o). Suppose 4*r - 123 = j*k, -7 + 1 = -2*k. What is the tens digit of r?
3
Suppose 12330 + 82 = 4*n. Suppose -b - 2*b - 4*y + n = 0, 0 = -2*b + 4*y + 2042. What is the tens digit of b?
2
Let o = 3 + 1. Let y(c) = -c**2 + 75*c - 537. Let h be y(8). What is the tens digit of (h*o - -3 - 2) + 58?
5
Let k = -37 + 31. Let w be ((-3)/k - 3)*-24. Suppose -3*d = -n + 9 + 11, 0 = n + 5*d - w. What is the units digit of n?
5
Suppose 20 = s - 29. Let g = s + -59. What is the hundreds digit of 142 - (6 - 0)/((-15)/g)?
1
Suppose 2*g + g = 9. Let l(c) = 61*c**2 + 5*c - 2. Let p be l(-1). What is the tens digit of ((-6)/(-9))/(g/p)?
1
Suppose -o + 4*p = 10, -4*o - p + 4*p = 1. Suppose -o*h - 302 = -4*s, -3*s - 5*h = -4*s + 98. What is the tens digit of s?
7
Suppose 3*c + 6*c = 36. Let a be c/7 + (-10)/(-7). What is the tens digit of 6/4*106 + (-4)/a?
5
Let n be 12140/70 - (-8)/14. Suppose -5*y = -4*t + 678, 2*t - y + n = 3*t. What is the units digit of t?
2
Let p(u) = 4*u**2 + 7*u + 4. Let h be p(-6). Suppose -h = -2*w - 6. Let n = w + -41. What is the units digit of n?
9
Suppose 10*w + 20*w - 63510 = 0. Suppose 3*s + w = 3347. What is the tens digit of s?
1
Suppose -347*c + 345*c + 42238 = 0. What is the units digit of c?
9
Suppose d - 3*p = 1051, 5*p = -d + 6*p + 1039. What is the units digit of d?
3
Suppose 3*d - 5*j + 4357 = 0, 3*d + 4*j + 162 = -4177. Let b = d - -2061. What is the hundreds digit of b?
6
Suppose 222895 = 30*c + 24034 - 10209. What is the tens digit of c?
6
Suppose a = -2*g - g + 12, 0 = -a + 3*g. Let c be a/(-14) - 304/(-56). Let i(n) = 3*n**2 + 3*n + 1. What is the tens digit of i(c)?
9
Suppose 6527*n - 6491*n = 290078 + 264790. What is the units digit of n?
3
Suppose 18*l + 27560 + 54886 = 25*l. What is the units digit of l?
8
Let i = -42631 - -68045. What is the units digit of i?
4
Let w = 66 - 97. Let d = -28 - w. Suppose 4*i - q = 2*q + 393, d*i + 3*q = 300. What is the units digit of i?
9
Let f(q) = 7*q**3 + 2*q**2 - 3*q + 2. Let y be f(1). Let u(d) = d**3 - 7*d**2 - 7*d - 6. Let b be u(y). What is the tens digit of (b - -57) + -6 + 1/1?
5
Suppose -z - 2435 = -5*t - 80187, -3886